{"id":3684,"date":"2025-03-08T20:33:04","date_gmt":"2025-03-08T23:33:04","guid":{"rendered":"https:\/\/mislanitas.com.ar\/?post_type=product&#038;p=3684"},"modified":"2025-03-08T20:36:22","modified_gmt":"2025-03-08T23:36:22","slug":"mimos-para-una-tejedora","status":"publish","type":"product","link":"https:\/\/mislanitas.com.ar\/index.php\/producto\/mimos-para-una-tejedora\/","title":{"rendered":"MIMOS PARA UNA TEJEDORA"},"content":{"rendered":"<p>\ud83c\udf1f \u00abSorprende con creatividad y calidez\u00bb \ud83c\udf1f Ofrecemos opciones \u00fanicas para regalar a los amantes del tejido y el arte hecho a mano:<\/p>\n<p>Ramos de Ovillos: Un toque creativo e inesperado. Perfectos para inspirar a cualquier tejedora o tejedor. Cada ramo est\u00e1 cuidadosamente seleccionado con colores armoniosos y materiales de calidad. \u00a1Un regalo lleno de posibilidades!<\/p>\n<p>Gift Cards: La libertad de elegir. Ideales para quienes buscan algo especial pero prefieren dejar la elecci\u00f3n a su destinatario. Nuestras gift cards son pr\u00e1cticas, elegantes y el regalo perfecto para cada ocasi\u00f3n.<\/p>\n<p>pack de ovillos: Ofrecemos packs de ovillos cuidadosamente seleccionados para inspirar a tejedoras apasionadas.<\/p>\n<p>excelentes para esas ocasiones que no sabes que regalar, aprov\u00e9chalo!!!!<\/p>\n","protected":false},"excerpt":{"rendered":"<p style=\"text-align: left;\"><strong>ACLARACION: el precio es a convenir. se puede agregar tanto ovillos como accesorios que se elija. los packs, gif cards y ramos de ovillos se arman a gusto y los precios var\u00edan seg\u00fan la elecci\u00f3n. cons\u00faltanos para mas informaci\u00f3n.<\/strong><\/p>\n","protected":false},"featured_media":3685,"template":"","meta":{"site-sidebar-layout":"default","site-content-layout":"","ast-site-content-layout":"default","site-content-style":"default","site-sidebar-style":"default","ast-global-header-display":"","ast-banner-title-visibility":"","ast-main-header-display":"","ast-hfb-above-header-display":"","ast-hfb-below-header-display":"","ast-hfb-mobile-header-display":"","site-post-title":"","ast-breadcrumbs-content":"","ast-featured-img":"","footer-sml-layout":"","ast-disable-related-posts":"","theme-transparent-header-meta":"default","adv-header-id-meta":"","stick-header-meta":"","header-above-stick-meta":"","header-main-stick-meta":"","header-below-stick-meta":"","astra-migrate-meta-layouts":"set","ast-page-background-enabled":"default","ast-page-background-meta":{"desktop":{"background-color":"","background-image":"","background-repeat":"repeat","background-position":"center center","background-size":"auto","background-attachment":"scroll","background-type":"","background-media":"","overlay-type":"","overlay-color":"","overlay-opacity":"","overlay-gradient":""},"tablet":{"background-color":"","background-image":"","background-repeat":"repeat","background-position":"center center","background-size":"auto","background-attachment":"scroll","background-type":"","background-media":"","overlay-type":"","overlay-color":"","overlay-opacity":"","overlay-gradient":""},"mobile":{"background-color":"","background-image":"","background-repeat":"repeat","background-position":"center center","background-size":"auto","background-attachment":"scroll","background-type":"","background-media":"","overlay-type":"","overlay-color":"","overlay-opacity":"","overlay-gradient":""}},"ast-content-background-meta":{"desktop":{"background-color":"var(--ast-global-color-5)","background-image":"","background-repeat":"repeat","background-position":"center center","background-size":"auto","background-attachment":"scroll","background-type":"","background-media":"","overlay-type":"","overlay-color":"","overlay-opacity":"","overlay-gradient":""},"tablet":{"background-color":"var(--ast-global-color-5)","background-image":"","background-repeat":"repeat","background-position":"center center","background-size":"auto","background-attachment":"scroll","background-type":"","background-media":"","overlay-type":"","overlay-color":"","overlay-opacity":"","overlay-gradient":""},"mobile":{"background-color":"var(--ast-global-color-5)","background-image":"","background-repeat":"repeat","background-position":"center center","background-size":"auto","background-attachment":"scroll","background-type":"","background-media":"","overlay-type":"","overlay-color":"","overlay-opacity":"","overlay-gradient":""}},"_joinchat":[]},"product_brand":[],"product_cat":[31,32,41,40,283,29,37,33,39,38,30,133],"product_tag":[],"giftcard-category":[],"class_list":{"0":"post-3684","1":"product","2":"type-product","3":"status-publish","4":"has-post-thumbnail","6":"product_cat-accesorios","7":"product_cat-madejas","8":"product_cat-madejas-invierno","9":"product_cat-madejas-verano","10":"product_cat-ofertas-vigentes","11":"product_cat-otono-invierno","12":"product_cat-otros","13":"product_cat-ovillos","14":"product_cat-ovillos-invierno","15":"product_cat-ovillos-verano","16":"product_cat-primavera-verano","17":"product_cat-productos","18":"desktop-align-left","19":"tablet-align-left","20":"mobile-align-left","22":"first","23":"instock","24":"shipping-taxable","25":"purchasable","26":"product-type-simple"},"aioseo_notices":[],"jetpack-related-posts":[],"jetpack_sharing_enabled":true,"_links":{"self":[{"href":"https:\/\/mislanitas.com.ar\/index.php\/wp-json\/wp\/v2\/product\/3684","targetHints":{"allow":["GET"]}}],"collection":[{"href":"https:\/\/mislanitas.com.ar\/index.php\/wp-json\/wp\/v2\/product"}],"about":[{"href":"https:\/\/mislanitas.com.ar\/index.php\/wp-json\/wp\/v2\/types\/product"}],"wp:featuredmedia":[{"embeddable":true,"href":"https:\/\/mislanitas.com.ar\/index.php\/wp-json\/wp\/v2\/media\/3685"}],"wp:attachment":[{"href":"https:\/\/mislanitas.com.ar\/index.php\/wp-json\/wp\/v2\/media?parent=3684"}],"wp:term":[{"taxonomy":"product_brand","embeddable":true,"href":"https:\/\/mislanitas.com.ar\/index.php\/wp-json\/wp\/v2\/product_brand?post=3684"},{"taxonomy":"product_cat","embeddable":true,"href":"https:\/\/mislanitas.com.ar\/index.php\/wp-json\/wp\/v2\/product_cat?post=3684"},{"taxonomy":"product_tag","embeddable":true,"href":"https:\/\/mislanitas.com.ar\/index.php\/wp-json\/wp\/v2\/product_tag?post=3684"},{"taxonomy":"giftcard-category","embeddable":true,"href":"https:\/\/mislanitas.com.ar\/index.php\/wp-json\/wp\/v2\/giftcard-category?post=3684"}],"curies":[{"name":"wp","href":"https:\/\/api.w.org\/{rel}","templated":true}]}}