{"id":3836,"date":"2025-05-26T23:51:29","date_gmt":"2025-05-27T02:51:29","guid":{"rendered":"https:\/\/mislanitas.com.ar\/?post_type=product&#038;p=3836"},"modified":"2025-12-20T11:06:23","modified_gmt":"2025-12-20T14:06:23","slug":"maquina-tricotin","status":"publish","type":"product","link":"https:\/\/mislanitas.com.ar\/index.php\/producto\/maquina-tricotin\/","title":{"rendered":"MAQUINA TRICOTIN"},"content":{"rendered":"<p><strong>MODO DE USO:<\/strong><\/p>\n<p><strong> 1- DURANTE LA PRIMERA VUELTA SOLO 1\u00b0 Y 3\u00b0 GANCHO TIENE QUE AGARRAR EL HILO. NECESITAS SOLTAR EL HILO DETRAS DE LA PARTE POSTERIOR DEL SEGUNDO Y CUARTO GANCHO PARA QUE NO ATRAPE EL HILO. DESPUES DE ESO, EN TODOS LOS GIROS SIGUIENTES, SOLO GIRA EL MANGO, Y LOS CUATRO GANCHOS TIENE QUE ATRAPAR EL HILO.<\/strong><\/p>\n<p><strong>2- GIRE EL MANGO LENTO, SE DEBE CONTROLAR QUE CADA GANCHO ATRAPE EL HILO. AGARRELO MANUALMENTE SI ES NECESARIO. FINALMENTE CUANDO SALGA EL CORDON SE UTILIZA EL GANCHO PARA DARLE PESO.<\/strong><\/p>\n","protected":false},"excerpt":{"rendered":"<p><strong>Descripci\u00f3n:<\/strong> La M\u00e1quina Tricot\u00edn es la herramienta perfecta para realizar cordones, tejidos tubulares y detalles \u00fanicos en tus creaciones. Su dise\u00f1o compacto y f\u00e1cil de usar la hace ideal para principiantes y expertos en el arte del tejido. Con solo girar la manivela, podr\u00e1s crear piezas de manera r\u00e1pida y sencilla, sin necesidad de t\u00e9cnicas avanzadas. Es perfecta para proyectos de bisuter\u00eda, decoraci\u00f3n y manualidades. \u00a1Dale rienda suelta a tu creatividad y transforma tus ideas en obras \u00fanicas!<\/p>\n","protected":false},"featured_media":3843,"template":"","meta":{"site-sidebar-layout":"default","site-content-layout":"","ast-site-content-layout":"default","site-content-style":"default","site-sidebar-style":"default","ast-global-header-display":"","ast-banner-title-visibility":"","ast-main-header-display":"","ast-hfb-above-header-display":"","ast-hfb-below-header-display":"","ast-hfb-mobile-header-display":"","site-post-title":"","ast-breadcrumbs-content":"","ast-featured-img":"","footer-sml-layout":"","ast-disable-related-posts":"","theme-transparent-header-meta":"default","adv-header-id-meta":"","stick-header-meta":"","header-above-stick-meta":"","header-main-stick-meta":"","header-below-stick-meta":"","astra-migrate-meta-layouts":"set","ast-page-background-enabled":"default","ast-page-background-meta":{"desktop":{"background-color":"","background-image":"","background-repeat":"repeat","background-position":"center center","background-size":"auto","background-attachment":"scroll","background-type":"","background-media":"","overlay-type":"","overlay-color":"","overlay-opacity":"","overlay-gradient":""},"tablet":{"background-color":"","background-image":"","background-repeat":"repeat","background-position":"center center","background-size":"auto","background-attachment":"scroll","background-type":"","background-media":"","overlay-type":"","overlay-color":"","overlay-opacity":"","overlay-gradient":""},"mobile":{"background-color":"","background-image":"","background-repeat":"repeat","background-position":"center center","background-size":"auto","background-attachment":"scroll","background-type":"","background-media":"","overlay-type":"","overlay-color":"","overlay-opacity":"","overlay-gradient":""}},"ast-content-background-meta":{"desktop":{"background-color":"var(--ast-global-color-5)","background-image":"","background-repeat":"repeat","background-position":"center center","background-size":"auto","background-attachment":"scroll","background-type":"","background-media":"","overlay-type":"","overlay-color":"","overlay-opacity":"","overlay-gradient":""},"tablet":{"background-color":"var(--ast-global-color-5)","background-image":"","background-repeat":"repeat","background-position":"center center","background-size":"auto","background-attachment":"scroll","background-type":"","background-media":"","overlay-type":"","overlay-color":"","overlay-opacity":"","overlay-gradient":""},"mobile":{"background-color":"var(--ast-global-color-5)","background-image":"","background-repeat":"repeat","background-position":"center center","background-size":"auto","background-attachment":"scroll","background-type":"","background-media":"","overlay-type":"","overlay-color":"","overlay-opacity":"","overlay-gradient":""}},"_joinchat":[]},"product_brand":[],"product_cat":[31,283,37,15],"product_tag":[],"giftcard-category":[],"class_list":{"0":"post-3836","1":"product","2":"type-product","3":"status-publish","4":"has-post-thumbnail","6":"product_cat-accesorios","7":"product_cat-ofertas-vigentes","8":"product_cat-otros","9":"product_cat-sin-categorizar","10":"pa_color-azul","11":"pa_color-rosa","12":"pa_color-verde","13":"desktop-align-left","14":"tablet-align-left","15":"mobile-align-left","17":"first","18":"instock","19":"shipping-taxable","20":"purchasable","21":"product-type-simple"},"aioseo_notices":[],"jetpack-related-posts":[],"jetpack_sharing_enabled":true,"_links":{"self":[{"href":"https:\/\/mislanitas.com.ar\/index.php\/wp-json\/wp\/v2\/product\/3836","targetHints":{"allow":["GET"]}}],"collection":[{"href":"https:\/\/mislanitas.com.ar\/index.php\/wp-json\/wp\/v2\/product"}],"about":[{"href":"https:\/\/mislanitas.com.ar\/index.php\/wp-json\/wp\/v2\/types\/product"}],"wp:featuredmedia":[{"embeddable":true,"href":"https:\/\/mislanitas.com.ar\/index.php\/wp-json\/wp\/v2\/media\/3843"}],"wp:attachment":[{"href":"https:\/\/mislanitas.com.ar\/index.php\/wp-json\/wp\/v2\/media?parent=3836"}],"wp:term":[{"taxonomy":"product_brand","embeddable":true,"href":"https:\/\/mislanitas.com.ar\/index.php\/wp-json\/wp\/v2\/product_brand?post=3836"},{"taxonomy":"product_cat","embeddable":true,"href":"https:\/\/mislanitas.com.ar\/index.php\/wp-json\/wp\/v2\/product_cat?post=3836"},{"taxonomy":"product_tag","embeddable":true,"href":"https:\/\/mislanitas.com.ar\/index.php\/wp-json\/wp\/v2\/product_tag?post=3836"},{"taxonomy":"giftcard-category","embeddable":true,"href":"https:\/\/mislanitas.com.ar\/index.php\/wp-json\/wp\/v2\/giftcard-category?post=3836"}],"curies":[{"name":"wp","href":"https:\/\/api.w.org\/{rel}","templated":true}]}}